**2 + 163*y + 1361. What is v(-38)?
-501
Let g(j) = -1646*j - 25504. What is g(-14)?
-2460
Let q(w) = -w**2 - 788*w - 3920. What is q(-5)?
-5
Let o(u) = u**3 + 151*u**2 - 4*u - 539. What is o(-151)?
65
Let g(k) = k**3 + 39*k**2 - 1185*k - 3467. Calculate g(22).
-13
Let y(t) = -t**2 - 48903*t + 586968. What is y(12)?
-12
Let u(i) = -20213*i - 101130. Give u(-5).
-65
Let y(j) = j**2 - 206*j - 1155. What is y(211)?
-100
Let y(u) = -196*u**2 - 1070*u - 135. Give y(-6).
-771
Let d(r) = -419*r - 4474. Calculate d(-11).
135
Let v(a) = 4*a**3 - 50*a**2 - 267*a + 3127. What is v(13)?
-6
Let w(a) = -a**3 - 15*a**2 - 68*a - 46. Determine w(-9).
80
Let v(a) = -66*a**2 - 2246*a + 2213. Give v(-35).
-27
Let i(k) = 2*k**2 + 153*k + 1618. Give i(-75).
1393
Let u(h) = -h**3 + 25*h**2 - 133*h + 395. Give u(19).
34
Let t(u) = -u**2 - 52284*u + 26125610. What is t(495)?
5
Let j(i) = -i**3 + 44*i**2 - 89*i + 179. Determine j(42).
-31
Let c(w) = 7444*w - 74377. What is c(10)?
63
Let x(w) = -540*w**2 - 99*w + 166. Calculate x(1).
-473
Let v(l) = 10781*l + 689947. What is v(-64)?
-37
Let a(w) = 2*w**2 + 1644*w - 25209. Give a(15).
-99
Let a(z) = 100*z - 14741. Calculate a(145).
-241
Let w(g) = -g**2 + 2882*g - 531413. Determine w(198).
19
Let o(n) = 1000089*n - 9000821. Calculate o(9).
-20
Let u(a) = a**3 - 158*a**2 - 5*a + 639. Give u(158).
-151
Let q(o) = -o**2 - 107*o - 2807. Determine q(-59).
25
Let p(g) = -13*g**2 - 477*g - 3762. Calculate p(-8).
-778
Let k(h) = 5407*h + 123020. What is k(-23)?
-1341
Let v(j) = j**3 + 116*j**2 + 664*j - 1254. What is v(-110)?
-1694
Let c(u) = 656*u + 220420. Give c(-336).
4
Let f(t) = 2*t**3 + 140*t**2 - 442*t + 266. What is f(-73)?
558
Let b(r) = -r**2 + 1676*r - 413883. Give b(301).
-8
Let d(c) = 2*c**3 - 46*c**2 + 44*c + 13. Determine d(22).
13
Let a(y) = y**3 + 180*y**2 - 4280*y - 11857. Give a(-201).
2
Let g(c) = c**3 + 48*c**2 + 145*c - 495. Give g(-45).
-945
Let w(m) = -m**3 - 208*m**2 + 1074*m + 2112. Give w(-213).
195
Let m(w) = -11204*w - 100860. Calculate m(-9).
-24
Let v(w) = 1988*w + 9222. Determine v(-5).
-718
Let a(j) = -31468*j + 1069910. Calculate a(34).
-2
Let r(m) = -2*m**3 - 22*m**2 + m + 107. Give r(9).
-3124
Let f(v) = 21*v**2 + 240*v + 736. Calculate f(-3).
205
Let v(r) = -r**2 + 167*r + 219. Determine v(0).
219
Let d(f) = -f**3 + 30*f**2 + 1444*f + 188. Determine d(56).
-484
Let p(h) = h**3 - 27*h**2 + 391*h - 1188. Give p(4).
8
Let z(f) = -389*f - 2315. What is z(-6)?
19
Let b(i) = 24612*i + 147437. Calculate b(-6).
-235
Let h(j) = 4*j**3 - 6*j**2 + 67*j + 29. Determine h(0).
29
Let t(u) = 25*u**2 + 1451*u - 1401. Determine t(-59).
15
Let z(d) = d**3 + 10*d**2 - 92*d - 1002. Calculate z(-11).
-111
Let b(f) = -4899*f - 9092551. Give b(-1856).
-7
Let l(u) = 12*u**2 - 485*u - 63. Determine l(40).
-263
Let q(y) = 4314*y - 336563. Give q(78).
-71
Let x(d) = -d**3 + 35*d**2 + 1862*d - 389. Give x(64).
-5
Let v(j) = j**3 - 119*j**2 - 405*j + 355. Calculate v(-4).
7
Let r(v) = v**3 - 14*v**2 - 70*v + 253. What is r(18)?
289
Let g(l) = 97*l + 1674. What is g(-30)?
-1236
Let k(h) = -h**3 - 223*h**2 - 1467*h + 9666. Calculate k(-216).
-54
Let c(q) = -q**3 - 93*q**2 - 2302*q - 6668. Determine c(-45).
-278
Let p(q) = -14*q**3 + 85*q**2 + 28*q - 116. What is p(6)?
88
Let f(j) = -j**2 + 276*j + 4713. Calculate f(-16).
41
Let s(w) = w**3 + 119*w**2 - 996*w + 2326. Calculate s(-127).
-214
Let w(g) = -1342*g**2 + 182524*g - 1638. Determine w(136).
-6
Let s(k) = 36*k**2 + 1295*k + 2470. What is s(-2)?
24
Let y(k) = -663*k + 11757. What is y(17)?
486
Let d(p) = p**2 + 444*p + 13896. Calculate d(-34).
-44
Let o(b) = 26056*b - 677425. Give o(26).
31
Let b(n) = -206*n**2 + 6*n + 7. Give b(-1).
-205
Let j(b) = -2172*b + 197664. Determine j(91).
12
Let z(a) = 4*a**3 + 594*a**2 - 303*a - 587. Calculate z(-149).
158
Let r(x) = -1924*x - 3481. Calculate r(2).
-7329
Let a(k) = -9123*k - 593014. What is a(-65)?
-19
Let j(v) = -6368*v - 51047. Give j(-8).
-103
Let j(h) = h**3 + 33*h**2 + 181*h + 14. Determine j(-7).
21
Let t(k) = 70*k**3 + 1612*k**2 + 45*k + 70. Determine t(-23).
93
Let w(u) = 1131*u + 31817. Determine w(-28).
149
Let q(m) = -4*m**2 + 2826*m - 27867. Determine q(10).
-7
Let t(i) = 2*i**3 + 105*i**2 - 1041*i - 179. Give t(-61).
65
Let c(m) = -2486*m + 196409. Calculate c(79).
15
Let z(l) = 6*l**2 + 842*l - 11936. What is z(13)?
24
Let o(w) = 588*w - 552733. Calculate o(940).
-13
Let b(t) = 4*t**2 - 1904*t + 125447. What is b(397)?
-5
Let c(s) = -s**3 - 257*s**2 + 783*s - 2726. What is c(-260)?
-3506
Let g(r) = -291*r + 18059. Give g(62).
17
Let m(b) = b**3 + 59*b**2 - 16*b - 4113. Determine m(-58).
179
Let v(g) = g**2 - 40*g - 488. Determine v(-26).
1228
Let t(s) = -488*s + 45387. Calculate t(93).
3
Let g(d) = 21*d**2 - 41*d - 204. What is g(-7)?
1112
Let t(k) = -13*k**2 + 451*k + 1111. Calculate t(37).
1
Let h(m) = -2*m**3 + m**2 - 775*m - 3122. What is h(-4)?
122
Let c(a) = 2537*a - 18098. Give c(7).
-339
Let w(u) = 17*u**3 + 1837*u**2 + 41*u - 7243. What is w(-108)?
-7
Let o(g) = g**2 - 4362*g - 158314. What is o(-36)?
14
Let d(g) = -261*g + 45425. Determine d(180).
-1555
Let o(f) = -4*f**3 - 2769*f**2 + 4732*f - 87443. Give o(-694).
1
Let j(y) = -23710*y - 1114448. What is j(-47)?
-78
Let g(m) = m**3 + 11*m**2 - 13*m + 110. What is g(-9)?
389
Let f(a) = -2*a**3 - 12*a**2 - 1077*a - 6530. Give f(-6).
-68
Let h(i) = i**2 - 4323*i - 100621. Give h(-23).
-663
Let f(q) = -3*q**2 + 1856*q - 44513. What is f(25)?
12
Let a(h) = h**3 - 24*h**2 + 63*h + 349. Calculate a(7).
-43
Let q(l) = 11693*l - 3. What is q(0)?
-3
Let o(f) = -f**3 - 370*f**2 - 445*f - 28052. Give o(-369).
-8
Let q(x) = 24*x**2 + 790*x - 110. Determine q(-33).
-44
Let g(t) = t**2 - 18*t - 3568. Calculate g(-50).
-168
Let z(u) = -121*u**3 - 14400*u**2 - 118*u + 119. Determine z(-119).
0
Let x(t) = 2739*t - 23012. Calculate x(8).
-1100
Let f(t) = -370*t + 99900. Give f(270).
0
Let k(l) = 2*l**3 - 1093*l - 3211. What is k(-3)?
14
Let v(o) = 622241*o - 36712225. Determine v(59).
-6
Let g(a) = -a**3 - 22*a**2 - 108*a - 1473. Calculate g(-17).
-1082
Let g(z) = -86*z**2 + 2630*z - 7899. Determine g(3).
-783
Let t(i) = 3337*i - 15160. Calculate t(5).
1525
Let w(h) = -165*h - 80532. Determine w(-488).
-12
Let t(w) = -w**2 + 4961*w + 635757. Determine t(-125).
7
Let g(n) = n**2 - 8512*n + 67999. Calculate g(8).
-33
Let z(v) = 15*v**2 + 2043*v + 64646. Determine z(-50).
-4
Let l(v) = 4*v**2 - 521*v - 365. Give l(130).
-495
Let w(o) = 150*o**2 - 5478*o + 10960. Calculate w(2).
604
Let z(x) = 3*x**2 - 3651*x + 21823. Determine z(6).
25
Let o(f) = -2510*f - 22551. What is o(-9)?
39
Let h(i) = 562*i - 10173. Give h(18).
-57
Let a(j) = 28*j**3 + 645*j**2 + 13*j + 3. Give a(-23).
233
Let r(b) = b**3 + 16*b**2 - 35*b - 133. Determine r(-12).
863
Let r(y) = y**2 + 2720*y + 29763. What is r(-11)?
-36
Let o(j) = 6501*j - 442081. Give o(68).
-13
Let q(v) = 3340*v - 12685. Determine q(4).
675
Let a(t) = -190077*t - 380133. Give a(-2).
21
Let d(q) = -q**3 - 3*q**2 + 40229*q + 6255. Give d(-202).
-7
Let u(w) = -6*w**2 + 329*w - 3010. What is u(41)?
393
Let u(r) = 2*r**3 - 67*r**2 + 628*r - 65. What is u(10)?
1515
Let r(s) = 625366*s - 6879021. Calculate r(11).
5
Let j(h) = h**3 - 18*h**2 + 1350*h + 5765. What is j(-4)?
13
Let k(l) = -642*l**2 - 19901*l + 29. What is k(-31)?
-2
Let r(x) = -3*x**3 + 44*x**2 - 42*x + 201. Give r(14).
5
Let l(p) = -2*p**3 + 95*p**2 - 238*p + 546. Give l(45).
-39
Let l(g) = 224152*g - 1344902. Determine l(6).
10
Let a(w) = 422*w - 57510. Calculate a(136).
-118
Let y(k) = -2067*k - 18257. Determine y(-9).
346
Let b(v) = 12*v**2 + 650*v + 490. What is b(-59)?
3912
Let j(n) = -n**3 + 22*n**2 - 250*n + 3987. Determine j(20).
-213
Let c(h) = -2*h**3 - 17*h - 1596. What is c(0)?
-1596
Let r(x) = -32*x**2 + 3*x + 58. What is r(4)?
-442
Let s(b) = -3*b**3 + 224*b**2 + 123*b + 539. What is s(75)?
4139
Let q(v) = -829*v + 7261. Determine q(11).
-1858
Let c(o) = o**3 + 97*o**2 - 91*o - 17956. Determine c(-96).
-4
Let w(d) = -65710*d - 3022650. What is w(-46)?
10
Let r(z) = -38*z**2 - 483*z - 1261. Give r(-4).
63
Let x(p) = -2747*p - 107143. What is x(-39)?
-10
Let a(i) = -158*i + 47959. Calculate a(304).
-73
Let f(s) = 54*s**2 + 131*s - 105. Give f(-7).
162